est common factor of 28519 and 528352.
1501
Calculate the highest common divisor of 592 and 5744.
16
Calculate the greatest common divisor of 578 and 466157.
289
Calculate the greatest common divisor of 7704 and 114.
6
What is the highest common factor of 9753010 and 1783?
1783
Calculate the greatest common divisor of 564 and 754256.
188
What is the highest common divisor of 111592 and 296?
296
Calculate the highest common divisor of 12243 and 49.
7
What is the greatest common factor of 105 and 185070?
15
Calculate the highest common divisor of 4638 and 7900833.
2319
What is the highest common divisor of 178970 and 30?
10
What is the highest common divisor of 6300 and 448?
28
What is the greatest common factor of 2813 and 116?
29
What is the highest common factor of 108 and 12660?
12
What is the greatest common divisor of 1732 and 716?
4
What is the highest common divisor of 539 and 11627?
77
Calculate the highest common factor of 4705438 and 74.
74
Calculate the highest common factor of 3474284 and 44.
44
Calculate the greatest common factor of 45 and 66573.
9
Calculate the highest common factor of 10530 and 130.
130
What is the highest common divisor of 98555 and 1035?
115
What is the greatest common divisor of 104199 and 705?
141
Calculate the highest common divisor of 2688 and 1554.
42
What is the highest common factor of 657 and 17009?
73
Calculate the greatest common divisor of 958734 and 56.
14
Calculate the greatest common divisor of 2225 and 402725.
2225
What is the greatest common divisor of 1196 and 26956?
92
Calculate the highest common factor of 4350 and 9150.
150
Calculate the highest common divisor of 50 and 121570.
10
Calculate the greatest common divisor of 65658 and 144.
6
What is the greatest common divisor of 23 and 227056?
23
Calculate the greatest common factor of 885 and 2832.
177
What is the greatest common factor of 395808 and 98?
14
What is the greatest common divisor of 365761 and 6488?
811
Calculate the highest common factor of 8585 and 680.
85
Calculate the highest common factor of 774 and 33024.
258
Calculate the highest common divisor of 6156 and 469224.
684
Calculate the greatest common factor of 369 and 5429097.
369
What is the highest common factor of 6336 and 5445?
99
What is the greatest common factor of 3731962 and 52?
26
Calculate the greatest common factor of 17940 and 143.
13
Calculate the highest common factor of 112 and 423136.
112
What is the highest common factor of 6936 and 768?
24
Calculate the highest common divisor of 2879373 and 651.
651
What is the highest common divisor of 164787 and 196?
49
What is the highest common divisor of 31 and 16213?
31
Calculate the highest common factor of 7700 and 2442.
22
Calculate the highest common divisor of 16554 and 48453.
93
What is the highest common factor of 1584 and 1072?
16
What is the greatest common factor of 3 and 9329?
1
What is the highest common factor of 60 and 256260?
60
What is the greatest common divisor of 8 and 182756?
4
What is the greatest common divisor of 1147 and 124?
31
Calculate the greatest common divisor of 492 and 12.
12
Calculate the greatest common divisor of 109427 and 1168.
73
What is the greatest common divisor of 1561938 and 42?
42
What is the greatest common divisor of 1162480 and 112?
16
Calculate the highest common divisor of 247623 and 177.
177
What is the highest common factor of 45 and 45117?
9
What is the highest common divisor of 1161 and 621?
27
What is the greatest common factor of 21400 and 56?
8
Calculate the highest common factor of 21312 and 518.
74
What is the highest common factor of 336 and 6128?
16
What is the highest common factor of 350291 and 1769?
29
What is the highest common divisor of 507 and 27183?
39
Calculate the greatest common factor of 667632 and 6.
6
Calculate the greatest common divisor of 1554 and 1344.
42
Calculate the greatest common divisor of 203188 and 16116.
316
Calculate the greatest common factor of 268518 and 6.
6
Calculate the highest common factor of 57918 and 84.
42
What is the highest common divisor of 183 and 18849?
183
Calculate the greatest common divisor of 45506 and 427.
61
What is the greatest common divisor of 1205161 and 43?
43
What is the greatest common factor of 47 and 2538?
47
Calculate the greatest common factor of 13041 and 21252.
483
What is the highest common factor of 26505 and 684?
171
Calculate the greatest common factor of 12744 and 2376.
216
Calculate the greatest common divisor of 806 and 16406.
26
Calculate the highest common factor of 898906 and 2794.
254
Calculate the greatest common divisor of 114 and 100054.
38
What is the highest common divisor of 150 and 1700?
50
What is the greatest common factor of 60 and 34990?
10
Calculate the highest common divisor of 5913219 and 949.
949
What is the greatest common factor of 1509259 and 103?
103
Calculate the highest common divisor of 23130929 and 1271.
1271
Calculate the greatest common divisor of 322 and 209783.
161
Calculate the highest common factor of 400 and 397400.
200
Calculate the highest common divisor of 198 and 275913.
99
Calculate the highest common divisor of 2184 and 27573.
273
Calculate the greatest common factor of 19091 and 238.
17
What is the greatest common divisor of 84 and 698768?
28
What is the highest common factor of 2712 and 94704?
24
Calculate the highest common divisor of 878192 and 126.
14
What is the highest common divisor of 41036 and 8?
4
Calculate the greatest common divisor of 138 and 62008.
46
What is the greatest common divisor of 150 and 569550?
150
Calculate the highest common divisor of 2144 and 34036.
268
What is the highest common divisor of 8827 and 6734?
91
What is the highest common factor of 29904 and 2032?
16
What is the greatest common factor of 1377646 and 544?
34
Calculate the highest common divisor of 1450 and 192125.
725
Calculate the greatest common factor of 68753 and 788.
197
Calculate the highest common factor of 1530 and 12708.
18
Calculate the greatest common factor of 375 and 7005.
15
What is the greatest common divisor of 4130 and 4102742?
826
What is the greatest common factor of 35845 and 670?
335
What is the greatest common factor of 45048 and 472?
8
What is the greatest common divisor of 67112 and 8?
8
What is the highest common divisor of 1127 and 428904?
161
What is the greatest common factor of 820 and 388?
4
Calculate the highest common factor of 140647 and 65.
13
Calculate the highest common divisor of 35604 and 92.
92
Calculate the greatest common factor of 13 and 1437306.
13
Calculate the highest common divisor of 20116 and 1391.
107
Calculate the greatest common divisor of 78750 and 72.
18
Calculate the greatest common divisor of 1586 and 5978.
122
Calculate the greatest common factor of 143 and 30151.
11
Calculate the greatest common factor of 8610 and 3990.
210
What is the greatest common factor of 42 and 47264?
14
Calculate the highest common divisor of 2352 and 588588.
588
Calculate the greatest common divisor of 162 and 28134.
54
What is the greatest common divisor of 3198 and 40584?
6
What is the highest common divisor of 129180 and 1260?
60
What is the highest common factor of 3145 and 1615?
85
What is the highest common divisor of 129183 and 2601?
867
What is the greatest common factor of 24680 and 485?
5
What is the highest common divisor of 49588 and 9614?
506
What is the highest common factor of 3162 and 204?
102
Calculate the highest common factor of 65500 and 20.
20
What is the highest common divisor of 2020 and 135?
5
What is the highest common factor of 1004 and 3566?
2
What is the highest common factor of 3195 and 6?
3
What is the greatest common divisor of 19040 and 3040?
160
What is the greatest common factor of 893 and 53063?
47
What is the highest common factor of 280 and 8785?
35
What is the highest common divisor of 1152 and 292464?
144
What is the greatest common factor of 75 and 443535?
15
What is the greatest common factor of 1344 and 618816?
192
Calculate the highest common factor of 5 and 3600895.
5
Calculate the highest common divisor of 13169 and 1339.
13
What is the highest common factor of 931 and 131138?
133
What is the greatest common divisor of 671 and 64669?
11
What is the highest common factor of 47133